e of -2 + -6 - (86 - 88)?
-6
Evaluate -1 + -5 - (-22 + -12 + 35).
-7
What is the value of -5 + -2 + -15 + (4 - (14 + -5))?
-27
Evaluate -14 - -5 - (26 - 27).
-8
-262 + 225 - (-3 + -9 + -4)
-21
Calculate -7 - (-12 + 12) - (-30 - 0).
23
-57 + 19 + 24 - (4 - -1)
-19
What is -5 + (-11 - (-11 - -16))?
-21
39 + -21 + -11 + 0
7
What is 1 + -10 - (-5 + -25 + -4 + 7)?
18
What is the value of (-2 + -3 - 0) + 4 + (-29 - -7)?
-23
What is (11 - (5 + -7)) + -13?
0
What is (-1 - 4) + -19 - -39?
15
Evaluate 22 - 35 - 3 - (1 - 0).
-17
Evaluate 34 + -46 + 0 + 5 + -1 - 4.
-12
(-2 - -2) + -1 + -4 + 18
13
Evaluate (-2 - 1) + -20 + 15 + 10 + 0.
2
Calculate (1 + 17 - 17) + 12 + -1 + 4.
16
Calculate 10 + 0 + -3 + -36 + 36.
7
-16 + (17 - (18 - 7))
-10
What is the value of (0 - (2 + 1)) + (-15 - -8) + 5?
-5
-5 - (6 + -2 - (-82 + 76))
-15
-6 + (-1 - -31) + -4 + -26 + 23
17
What is -9 + (-17 - -64) + -16?
22
Evaluate -7 + (8 - 5) + 10 + 4.
10
Calculate 16 - 8 - (0 + -9 + 2).
15
Evaluate 27 + -3 + -3 + -65 + 64.
20
What is the value of 8 + -2 + (-5 - 12 - -4)?
-7
What is 6 + -1 + 6 + -1?
10
Calculate (15 + -4 - (8 + -2 - -9)) + -3.
-7
What is the value of (8 - 2) + (-10 - -3) + 6 + 6?
11
Calculate 20 + -9 + -1 + 1 + 7.
18
What is the value of (-33 - (-24 + -13)) + -39 + 0?
-35
Evaluate -6 + -5 + -7 - (-43 - -1).
24
What is -4 + 12 + 1 + -22?
-13
Evaluate -46 - -7 - (-123 + 101).
-17
Calculate -6 + 34 + (6 - 18).
16
What is (26 - 7 - 0) + -4 + 5?
20
What is 0 - (11 + -2 + 3)?
-12
Calculate 74 - 78 - (2 + -22).
16
What is the value of -8 - 1 - (2 + (0 - -2) - 5)?
-8
Evaluate -24 + -14 + 23 + 11 + -12.
-16
What is 8 + (-2 - 9) + 14?
11
Calculate 17 + 2 + -2 + 2 - (10 - 18).
27
What is the value of (-46 + 24 - (-18 + 0)) + 1 + 18?
15
What is 14 + (-1 - 8) + 2?
7
Calculate 2 + (9 - 7 - -3 - 1).
6
Calculate -367 - -335 - (-3 - -5).
-34
What is -9 + -13 + 39 + (4 - 7)?
14
What is 23 - 29 - ((9 - 11) + 1 + -4)?
-1
What is -15 + (32 - -3 - 21)?
-1
Calculate 1 - (0 + 0) - (-21 - (-22 - 2)).
-2
Evaluate -1 + -6 + 3 + -5 + 18 + -14.
-5
1 + -20 + 22 + (1 - -8)
12
Calculate (1 - 17) + 1 - (-43 + 54 + -7).
-19
What is the value of 54 + -49 + (-2 - -1)?
4
What is 8 + (-1 - -5) + -9?
3
What is the value of -19 - (1 + (7 - 5 - -1))?
-23
Evaluate -78 + 71 + (-1 + 5 - 0) - 1.
-4
-20 + (31 - 12) + 17 + 14
30
What is the value of -3 - 8 - (-78 - -35 - -52)?
-20
Calculate -19 - (-13 - (34 - 6)).
22
What is the value of -4 - -6 - -1 - (5 - 9 - 1)?
8
Evaluate -16 - (-13 + 3) - (-1 - -3).
-8
-19 + (1 - (-22 + 10))
-6
-2 + (1 - -2) + (191 - 210) + 4
-14
What is the value of 152 + -145 - (0 - ((0 - 0) + 1))?
8
-5 + 0 + -9 + 22
8
Calculate 32 + (-53 - (-22 + -9)).
10
What is 51 - (4 - (-71 + 28))?
4
Calculate -5 + (3 - 7 - -3).
-6
What is (0 - (-1 + 2)) + (56 - 50)?
5
Calculate 11 + -8 + 7 + -9 + -20.
-19
What is the value of 0 + 0 + -13 + (-9 - -19)?
-3
Evaluate -19 + (-7 + 16 - -10) - (10 - 1).
-9
Evaluate 10 + -4 + -8 - -9.
7
What is -17 + -9 - -29 - (0 - 12)?
15
What is the value of 14 + -30 - (-11 + 4) - (-11 - 3)?
5
What is the value of -7 - 11 - -13 - 4?
-9
What is -1 - ((7 - 1) + -1 + (238 - 260))?
16
-7 + (-11 + (4 - -7) - (0 + -4))
-3
Calculate -4 + -6 + 9 + 109 + -94.
14
Calculate (-14 + 23 - -13) + -7.
15
Evaluate -13 + 19 - 3 - (-1 + 2 + 4).
-2
Calculate (-5 - 1) + 2 + (-9 - -18).
5
28 + (-80 + 38 - -48)
34
1 + -6 + (-1 - (-12 - -6)) - -1
1
What is 7 - (34 + -31) - 30?
-26
Calculate -5 + 1 - (-62 - -54).
4
What is 8 - (3 - -1) - ((-6 - -10) + 6)?
-6
Calculate -15 + 2 + (9 - 6) - -7.
-3
Evaluate -51 + -4 + -6 + (7 - (-20 + 6)).
-40
-15 - (1 + 4 - (-16 + -18 + 29))
-25
What is 13 + 5 + -12 + 6?
12
Evaluate -6 - (1 - -1) - (-1050 + 1038).
4
What is -2 + 6 + -15 + (-14 - -26) - -1?
2
What is the value of 35 + (-36 - (-19 - -13))?
5
Evaluate 2 + -2 - (-30 + 21).
9
What is the value of 1 + 3 - 2 - 10 - (-1326 + 1295)?
23
Evaluate (-2 - (9 + -19 + -1)) + -25.
-16
What is (19 - 38) + 8 + -2?
-13
What is the value of 4 + 21 + -1 + 49 + -61?
12
Calculate -5 - 7 - -20 - (-8 + 1 - -36).
-21
What is the value of -11 - (1 + (2 - -5 - 11))?
-8
Calculate -27 - ((-134 - -110) + 0 + 20).
-23
What is 6 - (13 + -9) - 14?
-12
-2 - (-8 + 3 - -28) - -12
-13
What is the value of (6 - 7) + (-5 - (-11 + 8))?
-3
Calculate -17 - (-16 - -4 - -11).
-16
What is the value of -48 + 49 + 6 + 1 + -17 + 24?
15
14 + -6 - 12 - -6
2
What is the value of ((2 - 2) + 6 - -10) + -4?
12
Calculate 10 + -2 + 0 + (619 - 629).
-2
What is the value of -3 - (32 - 24 - 29)?
18
Calculate 11 - (11 + (-10 - -13)) - (-8 - -1).
4
Calculate 3 - 7 - (-13 + 7 + (-2 - -4)).
0
What is -6 - (-13 + (-3 - -24) - (-1 + 4))?
-11
Calculate 16 + -9 + -13 + -10.
-16
What is -18 - (-14 - -7) - -4?
-7
What is the value of 27 - (-28 + 15 - -22)?
18
Evaluate 18 + 20 + -35 + -12 - 5.
-14
What is the value of 2 + (11 - -4) - 8 - 2?
7
Evaluate -1 + (-15 - -5) + 9.
-2
What is 13 + -20 + -2 + 1 + 7 + -14?
-15
(4 - 8) + (9 - 20 - -3) + 38
26
Calculate 12 - ((2 - 1) + 1 - (-2 + 12)).
20
What is 20 + (7 - ((10 - (9 - 5)) + -1))?
22
What is the value of 2 + 38 - 18 - 24?
-2
What is -20 + 31 - 12 - ((2 - 1) + -4)?
2
Calculate 11 + -1 - (-23 - (-13 - 5)).
15
Evaluate -15 + (3 - (-11 - -16)).
-17
What is (31 - 64 - -43) + 3?
13
What is the value of (44 + -23 - (5 - -10)) + -28?
-22
What is 1 - (-2 + 14 + (-4 + 10 - 2))?
-15
Evaluate 2 + (-4 - -7) + -5.
0
What is the value of (-15 + -21 - -44) + 1 + -1?
8
-6 + (1 + (7 - -2) - (-2 + 8))
-2
What is the value of -1 + 0 - ((33 - 52) + 21)?
-3
What is the value of 60 + -14 + -27 + -38?
-19
-355 + 368 + 2 + 5
20
What is the value of (6 - -1) + (-45 - (-40 - -10))?
-8
What is 0 - (3 - ((-12 - 0) + 4 - -44))?
33
What is the value of 30 - (-10 + 22) - (8 + -1)?
11
What is 18 - -1 - (298 + -262)?
-17
Calculate -3 + (3 - (4 - 0)) + (-173 - -180).
3
What is the value of 4 + 0 + -1 + -12 + 21 + 0?
12
What is the value of 1 - (-2 - (-2 + -25)) - (-20 + 14)?
-18
What is the value of -2 + -40 + 37 + 1 + 0?
-4
Evaluate (-26 - -13 - -3) + 11.
1
What is 3 + (-5 - -20) - 31?
-13
3 + -3 + -24 - -10
-14
What is (1 - 4) + 10 + 1 + -12?
-4
-6 - ((-13 - -10) + (4 - (-2 - -4)))
-5
4 - ((7 - -8) + -5)
-6
(-78 - -16 - -37) + 2
-23
Evaluate 23 + -12 + -14 - (5 - 15 - -4).
3
Calculate 0 + 24 + 244 + -262.
6
Evaluate (89 - 89) + 10 + 16.
26
Calculate -20 + 13 + -6 - -43.
30
What is the value of -3 - ((-3 - -1) + 7 + 0 + -5)?
-3
(3 + 4 - 2) + 2 + (-30 - -22)
-1
What is 16 + (3 + -20 - 4 - -8)?
3
Evaluate 7 + -6 + (6 - 20).
-13
(15 - -11) + (-7 - (20 + -8))
7
What is -17 - 1 - (-8 + -2 + 6 + -1)?
-13
-1 + (17 - 6) - 7
3
What is (-14 - (-3 + -4) - -30) + (-22 - -19)?
20
What is (-2 - (3 - 1)) + 75 + -84?
-13
Evaluate (10 - 1) + (51 - 69 - -20).
11
Calculate 18 - 5 - 31 - (-4 - -15).
-29
What is the value of (6 - 27) + 3 + (19 - 18)?
-17
Evaluate -5 + (-1 - -5) + 15 + 0.
14
What is (-5 + 19 - 1) + -4?
9
Evaluate 26 - (-8 + (-2 - -10) + 10).
16
Calculate 9 - (10 - (-3 + (-7 - -3))).
-8
What is the value of -10 + (8 - (-18 + 8))?
8
(17 - (-4 - -11)) + 2
12
What is 0 + -11 - -4 - (-38 + 18)?
13
-7 - 10 - (6 + -23)
0
Evaluate -16 + 1 + 2 - (6 + -12 - -14).
-21
Evaluate -8 - (2 + 24 + -27).
-7
What is 0 + 7 + (-1 - 7) - -13?
12
What is -16 + -46 + 4 - -48?
-10
Evaluate (-4 - -13 - 5) + 4 + -7 + -3.
-2
What is the value of 4 - (-15 + 12 + -1 + 0 + -5)?
13
2 + 24 + 9 + (-3 - 16)
16
Calculate (15 + -14 - -8) + -21.
-12
What is 2 + 14 + (5 - (3 - -2))?
16
Evaluate 2 + 0 + 11 + -19 + 21.
15
Evaluate -1 + (7 - -3) + -14 + 13.
8
Evaluate 5 + -12 + 6 + 1 + 4 + 6.
10
What is 3 + (-2 - -13 - (58 + -36))?
-8
What is -46 + 64 + -10 + 3?
11
(6 + -14 - (-7 - -3 - 3)) + -17
-18
-3 + (-9 - (21 - 39))
6
What is the value of 4 + 43 + -65 + (-18 - -2)?
-34
Evaluate -3 + (-2 + -12 - -12) - -4 - 3.
-4
What is 12 + (-13 + 18 - 13)?
4
What is 9 + 2 - -6 - 7 - 27?
-17
What is the value of 11 + -13 + 11 + -18?
-9
Calculate -3 + (-1 - (10 + -4)) + 6.
-4
-4 + (-6 - (13 - 24))
1
What is 11 + (-17 - -7) - -11?
12
Evaluate -40 + 22 + -1 - -19.
0
What is the value of 7 + (-10 - 0) + 40 - 12?
25
What is (10 - (18 + -8)) + -1 + -11?
-12
What is -15 + -5 + 6 + 0?
-14
Evaluate -4 - (-6 + (-3 - (8 + (-8 - 6)))).
-1
9 - -2 - 20 - -16
7
What is the value of -20 + 26 + 1 + -4 + -4?
-1
21 - (-10